{"id":1214,"date":"2023-03-03T11:23:04","date_gmt":"2023-03-03T16:23:04","guid":{"rendered":"http:\/\/conectate.conapred.org.mx\/?page_id=1214"},"modified":"2026-02-09T17:38:43","modified_gmt":"2026-02-09T23:38:43","slug":"1214-2","status":"publish","type":"page","link":"https:\/\/conectate.conapred.gob.mx\/index.php\/1214-2\/","title":{"rendered":"Verificaci\u00f3n"},"content":{"rendered":"<p style=\"text-align: justify;\"><span style=\"font-size: 18px;\">Para conocer la autenticidad de una constancia da clic en la siguiente imagen, despu\u00e9s escribe el c\u00f3digo de validaci\u00f3n que se indica en el recuadro rojo y da clic en &#8220;Verificar&#8221;.\u00a0<\/span><\/p>\n<p style=\"text-align: justify;\"><strong><span style=\"font-size: 18px;\">IMPORTANTE<\/span><\/strong><\/p>\n<ol>\n<li><span style=\"font-size: 18px;\">La verificaci\u00f3n aplica exclusivamente a las constancias emitidas en el a\u00f1o actual. No pueden ser consultados a\u00f1os anteriores al corriente. Si deseas investigar sobre alg\u00fan c\u00f3digo de a\u00f1os anteriores, debes solicitarlo v\u00eda correo electr\u00f3nico.<\/span><\/li>\n<\/ol>\n<p><span style=\"font-size: 18px;\"><a href=\"http:\/\/cursos.conapred.gob.mx\/mod\/customcert\/verify_certificate.php\" target=\"_blank\" rel=\"noopener\"><img loading=\"lazy\" decoding=\"async\" class=\"alignnone wp-image-7675 size-full\" title=\"http:\/\/cursos.conapred.gob.mx\/mod\/customcert\/verify_certificate.php\" src=\"https:\/\/conectate.conapred.gob.mx\/wp-content\/uploads\/2026\/01\/Sin-titulo.png\" alt=\"\" width=\"1115\" height=\"754\" srcset=\"https:\/\/conectate.conapred.gob.mx\/wp-content\/uploads\/2026\/01\/Sin-titulo.png 1115w, https:\/\/conectate.conapred.gob.mx\/wp-content\/uploads\/2026\/01\/Sin-titulo-300x203.png 300w, https:\/\/conectate.conapred.gob.mx\/wp-content\/uploads\/2026\/01\/Sin-titulo-1024x692.png 1024w, https:\/\/conectate.conapred.gob.mx\/wp-content\/uploads\/2026\/01\/Sin-titulo-768x519.png 768w, https:\/\/conectate.conapred.gob.mx\/wp-content\/uploads\/2026\/01\/Sin-titulo-444x300.png 444w\" sizes=\"auto, (max-width: 1115px) 100vw, 1115px\" \/><\/a><\/span><\/p>\n<p style=\"text-align: justify;\"><span style=\"font-size: 18px;\">Si tienes problemas para ingresar, puedes escribir la siguiente direcci\u00f3n en tu navegador:<\/span><\/p>\n<p style=\"text-align: justify;\"><strong><span style=\"font-size: 18px;\"><a href=\"http:\/\/cursos.conapred.gob.mx\/mod\/customcert\/verify_certificate.php\" target=\"_blank\" rel=\"noopener\">http:\/\/cursos.conapred.gob.mx\/mod\/customcert\/verify_certificate.php<\/a><\/span><\/strong><\/p>\n","protected":false},"excerpt":{"rendered":"<p>Para conocer la autenticidad de una constancia da clic en la siguiente imagen, despu\u00e9s escribe el c\u00f3digo de validaci\u00f3n que se indica en el recuadro rojo y da clic en &#8220;Verificar&#8221;.\u00a0 IMPORTANTE La verificaci\u00f3n aplica exclusivamente a las constancias emitidas &hellip; <a href=\"https:\/\/conectate.conapred.gob.mx\/index.php\/1214-2\/\">Sigue leyendo <span class=\"meta-nav\">&rarr;<\/span><\/a><\/p>\n","protected":false},"author":5,"featured_media":7700,"parent":0,"menu_order":0,"comment_status":"closed","ping_status":"closed","template":"","meta":{"_monsterinsights_skip_tracking":false,"_monsterinsights_sitenote_active":false,"_monsterinsights_sitenote_note":"","_monsterinsights_sitenote_category":0,"_uf_show_specific_survey":0,"_uf_disable_surveys":false,"footnotes":""},"class_list":["post-1214","page","type-page","status-publish","has-post-thumbnail","hentry"],"aioseo_notices":[],"_links":{"self":[{"href":"https:\/\/conectate.conapred.gob.mx\/index.php\/wp-json\/wp\/v2\/pages\/1214","targetHints":{"allow":["GET"]}}],"collection":[{"href":"https:\/\/conectate.conapred.gob.mx\/index.php\/wp-json\/wp\/v2\/pages"}],"about":[{"href":"https:\/\/conectate.conapred.gob.mx\/index.php\/wp-json\/wp\/v2\/types\/page"}],"author":[{"embeddable":true,"href":"https:\/\/conectate.conapred.gob.mx\/index.php\/wp-json\/wp\/v2\/users\/5"}],"replies":[{"embeddable":true,"href":"https:\/\/conectate.conapred.gob.mx\/index.php\/wp-json\/wp\/v2\/comments?post=1214"}],"version-history":[{"count":39,"href":"https:\/\/conectate.conapred.gob.mx\/index.php\/wp-json\/wp\/v2\/pages\/1214\/revisions"}],"predecessor-version":[{"id":7733,"href":"https:\/\/conectate.conapred.gob.mx\/index.php\/wp-json\/wp\/v2\/pages\/1214\/revisions\/7733"}],"wp:featuredmedia":[{"embeddable":true,"href":"https:\/\/conectate.conapred.gob.mx\/index.php\/wp-json\/wp\/v2\/media\/7700"}],"wp:attachment":[{"href":"https:\/\/conectate.conapred.gob.mx\/index.php\/wp-json\/wp\/v2\/media?parent=1214"}],"curies":[{"name":"wp","href":"https:\/\/api.w.org\/{rel}","templated":true}]}}