{"id":2,"date":"2020-06-25T17:34:21","date_gmt":"2020-06-25T17:34:21","guid":{"rendered":"http:\/\/10.10.9.15\/wordpress\/?page_id=2"},"modified":"2026-03-27T10:48:14","modified_gmt":"2026-03-27T16:48:14","slug":"pagina-ejemplo","status":"publish","type":"page","link":"https:\/\/conectate.conapred.gob.mx\/","title":{"rendered":""},"content":{"rendered":"<p style=\"text-align: justify;\"><span style=\"font-size: 18px;\">Uno de los principales objetivos del Consejo Nacional para Prevenir la Discriminaci\u00f3n (Conapred) es impulsar procesos educativos en l\u00ednea que contribuyan a la construcci\u00f3n de una cultura de igualdad y respeto a los derechos y libertades fundamentales de todas las personas.<\/span><\/p>\n<p style=\"text-align: justify;\"><span style=\"font-size: 18px;\">Con el fin de ampliar los servicios de sensibilizaci\u00f3n sobre el Derecho a la igualdad y no discriminaci\u00f3n, se cre\u00f3 el Programa de Educaci\u00f3n en L\u00ednea <em>\u201cCon\u00e9ctate por la igualdad, diversidad e inclusi\u00f3n\u201d<\/em>, que ofrece cursos autogestivos gratuitos a:<\/span><\/p>\n<ul>\n<li><strong><span style=\"font-size: 18px;\">Personal de la Administraci\u00f3n P\u00fablica de los tres niveles de gobierno<\/span><\/strong><\/li>\n<li><strong><span style=\"font-size: 18px;\">Poderes Ejecutivo, Legislativo y Judicial<\/span><\/strong><\/li>\n<li><strong><span style=\"font-size: 18px;\">Organismos aut\u00f3nomos<\/span><\/strong><\/li>\n<li><strong><span style=\"font-size: 18px;\">Organizaciones de la Sociedad Civil<\/span><\/strong><\/li>\n<li><strong><span style=\"font-size: 18px;\">Organismos internacionales<\/span><\/strong><\/li>\n<li><strong><span style=\"font-size: 18px;\">Iniciativa privada<\/span><\/strong><\/li>\n<li><strong><span style=\"font-size: 18px;\">Y cualquier persona interesada en el tema<\/span><\/strong><\/li>\n<\/ul>\n<p style=\"text-align: left;\"><span style=\"font-size: 18px;\">Te invitamos a sumarte a esta importante iniciativa, en la que aprender\u00e1s conocimientos y habilidades aplicables a tu entorno personal, profesional y comunitario.<\/span><\/p>\n<p><img loading=\"lazy\" decoding=\"async\" class=\"alignnone wp-image-7772 size-full\" src=\"https:\/\/conectate.conapred.gob.mx\/wp-content\/uploads\/2026\/03\/INFOGRAFIA-CONECTATE-2023-1.png\" alt=\"\" width=\"1701\" height=\"983\" srcset=\"https:\/\/conectate.conapred.gob.mx\/wp-content\/uploads\/2026\/03\/INFOGRAFIA-CONECTATE-2023-1.png 1701w, https:\/\/conectate.conapred.gob.mx\/wp-content\/uploads\/2026\/03\/INFOGRAFIA-CONECTATE-2023-1-300x173.png 300w, https:\/\/conectate.conapred.gob.mx\/wp-content\/uploads\/2026\/03\/INFOGRAFIA-CONECTATE-2023-1-1024x592.png 1024w, https:\/\/conectate.conapred.gob.mx\/wp-content\/uploads\/2026\/03\/INFOGRAFIA-CONECTATE-2023-1-768x444.png 768w, https:\/\/conectate.conapred.gob.mx\/wp-content\/uploads\/2026\/03\/INFOGRAFIA-CONECTATE-2023-1-1536x888.png 1536w, https:\/\/conectate.conapred.gob.mx\/wp-content\/uploads\/2026\/03\/INFOGRAFIA-CONECTATE-2023-1-500x289.png 500w\" sizes=\"auto, (max-width: 1701px) 100vw, 1701px\" \/><\/p>\n<p style=\"text-align: center;\"><span style=\"font-size: 16px;\">Infograf\u00eda Con\u00e9ctate. Personas egresadas de 2010 a marzo 2026<\/span><\/p>\n","protected":false},"excerpt":{"rendered":"<p>Uno de los principales objetivos del Consejo Nacional para Prevenir la Discriminaci\u00f3n (Conapred) es impulsar procesos educativos en l\u00ednea que contribuyan a la construcci\u00f3n de una cultura de igualdad y respeto a los derechos y libertades fundamentales de todas las &hellip; <a href=\"https:\/\/conectate.conapred.gob.mx\/\">Sigue leyendo <span class=\"meta-nav\">&rarr;<\/span><\/a><\/p>\n","protected":false},"author":1,"featured_media":7059,"parent":0,"menu_order":0,"comment_status":"closed","ping_status":"open","template":"","meta":{"_monsterinsights_skip_tracking":false,"_monsterinsights_sitenote_active":false,"_monsterinsights_sitenote_note":"","_monsterinsights_sitenote_category":0,"_uf_show_specific_survey":0,"_uf_disable_surveys":false,"footnotes":""},"class_list":["post-2","page","type-page","status-publish","has-post-thumbnail","hentry"],"aioseo_notices":[],"_links":{"self":[{"href":"https:\/\/conectate.conapred.gob.mx\/index.php\/wp-json\/wp\/v2\/pages\/2","targetHints":{"allow":["GET"]}}],"collection":[{"href":"https:\/\/conectate.conapred.gob.mx\/index.php\/wp-json\/wp\/v2\/pages"}],"about":[{"href":"https:\/\/conectate.conapred.gob.mx\/index.php\/wp-json\/wp\/v2\/types\/page"}],"author":[{"embeddable":true,"href":"https:\/\/conectate.conapred.gob.mx\/index.php\/wp-json\/wp\/v2\/users\/1"}],"replies":[{"embeddable":true,"href":"https:\/\/conectate.conapred.gob.mx\/index.php\/wp-json\/wp\/v2\/comments?post=2"}],"version-history":[{"count":157,"href":"https:\/\/conectate.conapred.gob.mx\/index.php\/wp-json\/wp\/v2\/pages\/2\/revisions"}],"predecessor-version":[{"id":7773,"href":"https:\/\/conectate.conapred.gob.mx\/index.php\/wp-json\/wp\/v2\/pages\/2\/revisions\/7773"}],"wp:featuredmedia":[{"embeddable":true,"href":"https:\/\/conectate.conapred.gob.mx\/index.php\/wp-json\/wp\/v2\/media\/7059"}],"wp:attachment":[{"href":"https:\/\/conectate.conapred.gob.mx\/index.php\/wp-json\/wp\/v2\/media?parent=2"}],"curies":[{"name":"wp","href":"https:\/\/api.w.org\/{rel}","templated":true}]}}

<p style="text-align: justify;"><span style="font-size: 18px;">Uno de los principales objetivos del Consejo Nacional para Prevenir la Discriminación (Conapred) es impulsar procesos educativos en línea que contribuyan a la construcción de una cultura de igualdad y respeto a los derechos y libertades fundamentales de todas las personas.</span></p>
<p style="text-align: justify;"><span style="font-size: 18px;">Con el fin de ampliar los servicios de sensibilización sobre el Derecho a la igualdad y no discriminación, se creó el Programa de Educación en Línea <em>“Conéctate por la igualdad, diversidad e inclusión”</em>, que ofrece cursos autogestivos gratuitos a:</span></p>
<ul>
<li><strong><span style="font-size: 18px;">Personal de la Administración Pública de los tres niveles de gobierno</span></strong></li>
<li><strong><span style="font-size: 18px;">Poderes Ejecutivo, Legislativo y Judicial</span></strong></li>
<li><strong><span style="font-size: 18px;">Organismos autónomos</span></strong></li>
<li><strong><span style="font-size: 18px;">Organizaciones de la Sociedad Civil</span></strong></li>
<li><strong><span style="font-size: 18px;">Organismos internacionales</span></strong></li>
<li><strong><span style="font-size: 18px;">Iniciativa privada</span></strong></li>
<li><strong><span style="font-size: 18px;">Y cualquier persona interesada en el tema</span></strong></li>
</ul>
<p style="text-align: left;"><span style="font-size: 18px;">Te invitamos a sumarte a esta importante iniciativa, en la que aprenderás conocimientos y habilidades aplicables a tu entorno personal, profesional y comunitario.</span></p>
<p><img loading="lazy" decoding="async" class="alignnone wp-image-7772 size-full" src="https://conectate.conapred.gob.mx/wp-content/uploads/2026/03/INFOGRAFIA-CONECTATE-2023-1.png" alt="" width="1701" height="983" srcset="https://conectate.conapred.gob.mx/wp-content/uploads/2026/03/INFOGRAFIA-CONECTATE-2023-1.png 1701w, https://conectate.conapred.gob.mx/wp-content/uploads/2026/03/INFOGRAFIA-CONECTATE-2023-1-300x173.png 300w, https://conectate.conapred.gob.mx/wp-content/uploads/2026/03/INFOGRAFIA-CONECTATE-2023-1-1024x592.png 1024w, https://conectate.conapred.gob.mx/wp-content/uploads/2026/03/INFOGRAFIA-CONECTATE-2023-1-768x444.png 768w, https://conectate.conapred.gob.mx/wp-content/uploads/2026/03/INFOGRAFIA-CONECTATE-2023-1-1536x888.png 1536w, https://conectate.conapred.gob.mx/wp-content/uploads/2026/03/INFOGRAFIA-CONECTATE-2023-1-500x289.png 500w" sizes="auto, (max-width: 1701px) 100vw, 1701px" /></p>
<p style="text-align: center;"><span style="font-size: 16px;">Infografía Conéctate. Personas egresadas de 2010 a marzo 2026</span></p>

<p>Uno de los principales objetivos del Consejo Nacional para Prevenir la Discriminación (Conapred) es impulsar procesos educativos en línea que contribuyan a la construcción de una cultura de igualdad y respeto a los derechos y libertades fundamentales de todas las &hellip; <a href="https://conectate.conapred.gob.mx/">Sigue leyendo <span class="meta-nav">&rarr;</span></a></p>
